d derivative of 133*k**3/2 + 103*k**2 + 92*k. Is p(15) prime?
False
Suppose 0 = -23*l + 20*l + 195. Let h = l + -63. Suppose -2*j = -7*j - h*r + 2715, -4*j - 4*r + 2184 = 0. Is j a composite number?
False
Let m = 27948 - 14721. Is m a composite number?
True
Let o = 1782471 - 745258. Is o a composite number?
False
Suppose 5*y = 3*n - 1290, 0 = 5*n + 5*y + 564 - 2674. Let l = 548 - n. Is l composite?
True
Let s = 299934 + -127691. Is s a prime number?
True
Let j be (-3)/(-1) - (-3 - -4). Suppose -3*h = -4 - j. Suppose 0 = -h*g - 0*m + 4*m + 386, 4 = -m. Is g a composite number?
True
Is (-4 - (-144)/40)/(18/(-21187305)) prime?
False
Suppose -17*r + 6 = -14*r. Let n = 166 + r. Let c = -79 + n. Is c prime?
True
Suppose -4*k + 512553 - 101381 = 0. Is k composite?
False
Let v be 4/10 - (-7)/(140/32). Let k be ((-4345)/(-20) + v)/((-2)/(-16)). Is (k/3)/((-26)/(-39)) prime?
True
Let o be 1115*21*(-2)/(-15). Let t = o - 1576. Let f = 3203 - t. Is f composite?
False
Suppose -112*r + 11884 = -116*r. Let j = r + 4226. Is j a composite number?
True
Let g = 424487 + -190666. Is g composite?
True
Let y = 490161 - -39458. Is y a prime number?
True
Let h be (-2 - 3/(-2))/(8/96). Let f be -5276*(h/28 - 16/56). Suppose 3*v - 7956 = -5*r, -v + 5*r - 2*r = -f. Is v composite?
False
Let u(l) = l**3 + 23*l**2 + 202*l + 139. Is u(44) a prime number?
True
Let y = -3 + 3. Suppose y = 5*f - 3*d - 27, -5*f - 3*d + 0 + 3 = 0. Suppose 2*v + f*w = 11, 0 = 5*v + 5*w - 48 + 8. Is v a prime number?
True
Let j = -316 + 312. Is 10592/24*(-3)/j prime?
True
Let u = -11 + 27. Let v(r) = -4*r**2 - 69*r + 27. Let m(s) = 3*s**2 + 46*s - 18. Let b(f) = -7*m(f) - 5*v(f). Is b(u) prime?
True
Let i = 45380 + 20019. Is i a prime number?
False
Suppose -d - 10 = -11. Suppose 0*v = 4*b - 3*v - 1195, d = -v. Suppose 2*w = -5*o + 9732, -5*o - b = -5*w + 23997. Is w a prime number?
True
Let i(o) = 2*o**2 - 14*o + 3. Let y be i(7). Let j = 3 - y. Is 333 + 4/(j + 2) prime?
False
Let s be (-14)/(7 - 14)*4. Suppose 0 = -2*m + 3*t + 3794, 9*t = s*t. Is m a composite number?
True
Let i be -1*(-317225 - -8) - -7. Suppose 3*c - i = t - 5*t, 2*t - 158622 = -4*c. Is t prime?
False
Suppose 4*a - 634*p = -637*p + 212668, 0 = -4*p. Is a a composite number?
True
Is 2/8 + (2 - ((-2547825)/(-20))/(-7)) composite?
True
Suppose -5*n - 22*n = -n - 23382138. Is n a composite number?
True
Let h(g) = -g**2 - 30*g - 93. Let u be h(-26). Suppose k + 28190 = u*k. Is k a prime number?
True
Let c(f) = 3153*f**2 - 1758*f + 11. Is c(-6) prime?
True
Suppose 1479043 = 14*i + 33*i. Is i prime?
True
Suppose 0 = 3*u - 7*u + 16. Let x(g) be the second derivative of 733*g**3/6 + 7*g**2/2 + 33*g. Is x(u) composite?
False
Suppose -u + 4*p + 56930 = -93515, -10*p - 752205 = -5*u. Is u composite?
True
Let r(l) = 17*l**3 + l**2 - 4*l + 8. Let i be r(5). Suppose -i = 7*p - 5267. Is p a composite number?
True
Suppose -5*p = -4*p - 5*v + 21, -3*p = -2*v - 2. Suppose 4*r + 20 = 4*a, 3*r + 45 + 5 = -p*a. Let y(f) = f**2 - 10*f - 9. Is y(r) prime?
True
Let z = 178987 - 53334. Is z a composite number?
True
Let l(w) = 6*w - 7. Let g be l(3). Suppose 423 + 5022 = g*h. Suppose -4*n + 1445 = -h. Is n prime?
False
Let r(g) = 4759*g + 847. Is r(4) a composite number?
True
Suppose -297*c + 292*c = -10. Suppose 6216 = 4*f - 4*z, -c*z + 3136 - 9362 = -4*f. Is f a prime number?
True
Suppose 0 = -6*l + 5 + 19. Let r be 4/(l*(-5)/(-3050)). Suppose m + m = r. Is m a prime number?
False
Suppose -5*a + 2*c = -64, -2*a + c = 5*c - 16. Let m be a/(-16)*(9 - 1)*11. Let o = m + 131. Is o a composite number?
True
Suppose 2*f + 5*r = -7956, 0 = r - 0 + 2. Is (f - (-30)/5)*-1 a composite number?
False
Let y be 48*((-3)/2 + 84/(-3)). Let r = y + 3911. Is r composite?
True
Is (282/12)/((54/(-144))/((-6774)/8)) prime?
False
Let b(s) = 2111*s**3 - 4*s**2 - 3*s + 11. Is b(2) a composite number?
True
Suppose -w + 2 + 2 = 0. Let t(o) = o**2 - o + 11. Let y be t(4). Let m = y - w. Is m prime?
True
Let p = -8968 + -258. Let i = 17219 + p. Is i prime?
True
Let s(n) = -545*n - 1. Let t = -51 - -62. Suppose t*q = 8*q - 12. Is s(q) a prime number?
True
Let c = -148869 + 263416. Is c a prime number?
True
Let x(g) = -6*g**3 - 20*g - 14. Let k be x(-17). Suppose -7*q + 24719 = -k. Is q composite?
False
Let r = 328669 + 132192. Is r a prime number?
False
Suppose 64*b - 1192510 - 3010882 = 0. Is b a prime number?
False
Suppose 4214 = -3*w - 2*q, 3*w + 4380 = -3*q + 171. Let z = -2018 + w. Let d = -1891 - z. Is d a composite number?
True
Let j(k) = 11 + 124*k**2 + 0 - 24 - 9*k. Is j(-2) prime?
False
Let n be (-1)/(-4) - ((-42)/(-8) - 5). Suppose n = 26*j + 59646 - 211330. Is j prime?
False
Suppose 66*u + 119*u = 50086345. Is u a prime number?
True
Suppose 0 = -5*z - 5*a + 188060, 65*z = 69*z - a - 150453. Is z a composite number?
True
Let n = 170 - 164. Suppose l + 35835 = n*l. Is l composite?
True
Let u = 204 + 4691. Suppose 2*o - 1139 - u = 0. Is o a composite number?
True
Suppose -543954 = -3*c - d, -35*d + 906602 = 5*c - 32*d. Is c composite?
True
Suppose -k - 3*m + 1121518 = 0, 157*k - 156*k - 3*m - 1121476 = 0. Is k composite?
True
Suppose 0 = -6*t + 9101 + 17281. Suppose -2*q + 4*m - 1479 = -3*q, 4*m - t = -3*q. Suppose 571 = f + f + 5*s, 0 = -5*f - 2*s + q. Is f a prime number?
True
Suppose -2*i + 31708 + 478479 = o, 1020401 = 2*o - 5*i. Is o prime?
False
Let i be (-14)/(-35) - (-354)/(-10). Let n = i + 34. Is -4*510/(-4) - n prime?
False
Let h be (8 + 9)/((-1)/(-37)). Suppose 3*f = -3*r + 981, -3*f - h = r - 3*r. Suppose 0 = -w + z + 110, r = 2*w + w + 5*z. Is w composite?
False
Suppose 461 - 458 = s. Suppose -s*w + 52770 = 7*w. Is w a prime number?
False
Suppose 649*g - 650*g = -99861. Suppose -141*p - g = -144*p. Is p prime?
True
Suppose -268*f + 9 = -271*f. Is 155190/26 + (-123)/(-39) + f a composite number?
True
Let g(l) = -36 - 94 + 600*l + 17 + 459*l - 401*l. Is g(51) a composite number?
True
Suppose 3*b + b + 21 = 3*q, q - 2*b = 9. Let k = -442 + 441. Is (k - (-2066)/q) + 14/(-21) a composite number?
True
Let c be -10 - -36 - -1*4. Suppose -3 = 9*s - c. Is (s - 4358*(-3)/6) + -1 composite?
True
Let q(t) = -1112*t**3 - 4*t**2 - t + 5. Is q(-2) a prime number?
True
Suppose -5*v = -z, 5*v = -3*z - z - 25. Let o(c) = -1258*c**3 + 2*c**2 - c - 2. Is o(v) prime?
True
Suppose -5*q + 40 = 2*s + s, -2*s + 40 = 5*q. Suppose -q*x = -15821 - 25931. Is x a prime number?
False
Suppose -4*d = -14 - 6. Is (-9 - (-40)/d)/((-1)/379) a composite number?
False
Suppose 0 = -7*c - 130 - 276. Let x be (-2)/(-15) - c/15. Suppose 2189 = 3*j + 5*y, -x*j - y + 2173 = -j. Is j a prime number?
False
Let g be (-56)/(-10) + 4/10 - 3. Suppose 0*n + 4*s - 4661 = -5*n, -2*n + g*s + 1846 = 0. Is n a composite number?
False
Suppose -3 = 2*s + 4*m + 1, -3*m = -5*s + 55. Suppose 3*b + 1111 = -s*b. Let i = b + 327. Is i composite?
True
Let j(t) = 77*t**3 - 7*t**2 + 7*t - 7. Let s(q) = q**3 + 11*q**2 - 7*q + 64. Let p be s(-12). Is j(p) a composite number?
True
Let n(q) = 1229*q**2 + 162*q + 28. Is n(17) composite?
True
Let p be 5 + (-3)/(15/10). Suppose 12136 = h + p*a, -19*h - 12130 = -20*h + 3*a. Is h prime?
False
Let p be (-8 - -4) + 25 + -3. Let r be (-23)/69*p/(-2). Is (4532 - -1)*r/9 prime?
True
Suppose -22*p + 14*p = -2392. Let b = -48 + p. Is b composite?
False
Let o(b) = b**3 - 99*b**2 - 203*b - 150. Is o(103) a prime number?
True
Let i(g) = 1875*g**2 + 17*g - 1127. Is i(17) a prime number?
False
Let l be 35/(-6) + 1/(-6). Let v be -3 - -6*l/(-9). Suppose 7 = p + v. Is p composite?
True
Let l(p) = -13*p**2 + 2*p - 2. Let b be l(1). Let c(z) = -z - 11. Let a be c(b). Suppose -i + 744 = j, -2168 + 660 = -a*i + 2*j. Is i a composite number?
True
Suppose 26*i - 50526 = -2*k + 24*i, -i + 126331 = 5*k. Is k composite?
True
Suppose 0*w - 2*w = 0. Let p be 2 - (-27)/(-15) - (-2813)/485. Suppose p*m - 276 = -w*m. Is m a prime number?
False
Suppose 306*w - 233*w - 2121599 = 0. Is w composite?
False
Suppose 73*v = 68*v + 5. Let d be 2 + (v - -1 - (5 + 188)). Let g = d - -380. Is g a composite number?
False
Let x be (-4)/(-16) - (-1)/(-4). Let o be (17 - 3453) + (x - 1). Let m = -1744 - o. Is m a prime number?
True
Let l(r) = 519*r - 1721. Is l(68) composite?
True
Suppose -o + 2*z + 10 - 1 = 0, 5*o = -2*